reatest common factor of 19339 and 233.
233
What is the greatest common divisor of 222 and 79032?
222
What is the greatest common factor of 10212 and 4692?
276
Calculate the highest common divisor of 203202 and 121410.
1278
Calculate the highest common divisor of 15800 and 18644.
316
What is the highest common divisor of 71304 and 744?
24
What is the highest common divisor of 1655 and 238651?
331
What is the greatest common factor of 2242 and 36?
2
Calculate the highest common factor of 4405 and 65.
5
Calculate the highest common divisor of 7179711 and 231.
231
What is the greatest common factor of 11 and 37?
1
What is the highest common divisor of 57294 and 577184?
2122
What is the highest common factor of 39 and 1042821?
39
Calculate the highest common divisor of 13848 and 24.
24
Calculate the highest common factor of 56 and 1770062.
14
What is the highest common factor of 60544 and 3168?
352
Calculate the greatest common factor of 47 and 66223.
47
What is the highest common divisor of 16 and 55696?
16
What is the highest common divisor of 9056 and 176026?
566
What is the highest common factor of 29064 and 14448?
168
What is the highest common divisor of 140104 and 2656?
664
What is the highest common divisor of 2495 and 8530?
5
Calculate the greatest common factor of 187554 and 6.
6
What is the highest common factor of 14 and 705838?
14
Calculate the highest common factor of 755 and 145.
5
What is the highest common factor of 25979 and 313?
313
Calculate the greatest common factor of 26605 and 85.
85
Calculate the greatest common factor of 3941420 and 420.
140
Calculate the highest common factor of 220 and 4015.
55
Calculate the greatest common divisor of 2515596 and 492.
492
Calculate the highest common divisor of 4264 and 3731.
533
What is the greatest common divisor of 1296 and 34128?
432
Calculate the greatest common factor of 1082 and 625937.
541
What is the greatest common factor of 144 and 181680?
48
What is the greatest common factor of 43 and 13201?
43
What is the greatest common factor of 1408 and 65824?
352
Calculate the highest common factor of 1620 and 1095.
15
Calculate the highest common factor of 68 and 2261238.
34
Calculate the highest common factor of 8375796 and 1144.
572
Calculate the greatest common divisor of 39 and 14664.
39
Calculate the greatest common divisor of 8989 and 1212.
101
What is the highest common divisor of 428 and 46438?
214
What is the greatest common divisor of 7850 and 400?
50
Calculate the highest common divisor of 125716 and 636.
212
Calculate the greatest common divisor of 468 and 426024.
36
What is the highest common factor of 1096 and 1149978?
274
Calculate the greatest common divisor of 18333 and 108.
27
What is the greatest common factor of 2675 and 775?
25
Calculate the greatest common factor of 3142449 and 27.
27
What is the highest common divisor of 335 and 589198?
67
What is the highest common factor of 657 and 34821?
657
What is the highest common divisor of 16050 and 6?
6
What is the greatest common divisor of 3513582 and 261?
261
Calculate the greatest common divisor of 711 and 53957.
79
What is the highest common divisor of 4 and 25912?
4
Calculate the highest common divisor of 157 and 159512.
157
What is the greatest common factor of 9589 and 7359?
223
Calculate the highest common factor of 17441 and 326.
163
What is the greatest common factor of 1029 and 566097?
147
What is the greatest common factor of 13496 and 1764?
28
What is the highest common divisor of 18177 and 3237?
249
What is the highest common divisor of 2408 and 263977?
301
What is the greatest common divisor of 75483 and 2?
1
Calculate the highest common factor of 32 and 6972304.
16
What is the highest common divisor of 1494 and 244746?
18
Calculate the highest common divisor of 16 and 409912.
8
Calculate the highest common factor of 1159 and 3355.
61
What is the highest common factor of 1274 and 2821?
91
What is the highest common divisor of 40005 and 777?
21
What is the greatest common factor of 178451 and 39?
13
What is the highest common factor of 50727 and 2285?
457
What is the greatest common divisor of 3965 and 101140?
65
What is the highest common divisor of 46 and 4684157?
23
Calculate the greatest common divisor of 367344 and 288.
144
Calculate the highest common factor of 1125 and 309675.
75
Calculate the greatest common factor of 6480 and 138.
6
Calculate the highest common divisor of 6882 and 1550.
62
Calculate the greatest common divisor of 16 and 8902.
2
Calculate the highest common divisor of 111 and 60199.
37
What is the highest common divisor of 1324 and 1968?
4
What is the greatest common factor of 614313 and 2587?
199
Calculate the greatest common divisor of 13224 and 3116.
76
Calculate the highest common divisor of 11 and 2196183.
11
What is the highest common divisor of 104504 and 56?
8
Calculate the highest common divisor of 415637 and 908.
227
Calculate the greatest common divisor of 754736 and 2064.
688
Calculate the greatest common divisor of 60 and 3910110.
30
What is the greatest common factor of 19170 and 1467?
9
What is the greatest common factor of 41309 and 3681?
409
What is the highest common factor of 22605 and 255?
15
What is the highest common divisor of 34 and 33404?
2
Calculate the greatest common factor of 1060 and 28440.
20
Calculate the greatest common factor of 884 and 1484678.
442
Calculate the highest common factor of 456 and 184.
8
Calculate the highest common factor of 223 and 2899.
223
What is the greatest common factor of 19375 and 2625?
125
What is the highest common divisor of 143046 and 162?
162
What is the highest common factor of 1764 and 494361?
441
What is the highest common divisor of 3904 and 221552?
976
Calculate the greatest common divisor of 66781 and 3269.
467
Calculate the highest common divisor of 187472 and 176.
16
What is the greatest common factor of 12604 and 1233?
137
Calculate the greatest common factor of 720 and 5112.
72
What is the highest common factor of 1440 and 214848?
288
Calculate the greatest common divisor of 321 and 2013312.
321
Calculate the greatest common factor of 217 and 191363.
31
Calculate the highest common factor of 67704 and 672.
168
Calculate the greatest common divisor of 191976 and 684.
228
Calculate the greatest common divisor of 1553434 and 1169.
167
What is the highest common divisor of 120828 and 36?
12
Calculate the highest common divisor of 3183 and 141.
3
What is the highest common factor of 9 and 77841?
9
What is the highest common factor of 315 and 104405?
35
Calculate the highest common divisor of 210 and 5370.
30
What is the greatest common factor of 123 and 2569101?
123
What is the highest common divisor of 864 and 53946?
54
What is the highest common factor of 34706 and 3626?
518
Calculate the greatest common divisor of 338 and 3614.
26
Calculate the highest common factor of 8032 and 44678.
502
What is the greatest common divisor of 146 and 21097?
73
What is the greatest common factor of 6169 and 3968?
31
Calculate the highest common divisor of 7877332 and 1192.
596
Calculate the highest common factor of 16296 and 42.
42
Calculate the greatest common factor of 970515 and 377.
13
Calculate the greatest common divisor of 8712 and 288.
72
What is the highest common divisor of 986321 and 98?
49
Calculate the highest common divisor of 690474 and 2.
2
Calculate the highest common factor of 34 and 1674.
2
What is the highest common factor of 21 and 65205?
21
What is the highest common factor of 126 and 1129338?
126
What is the greatest common factor of 84 and 9464?
28
Calculate the highest common divisor of 11856 and 2432.
304
Calculate the highest common divisor of 86040 and 27.
9
Calculate the greatest common factor of 15238 and 201302.
802
What is the greatest common divisor of 128325 and 261?
87
What is the greatest common divisor of 12027 and 13293?
633
What is the highest common divisor of 2430 and 30390?
30
Calculate the greatest common divisor of 902 and 172364.
82
Calculate the greatest common factor of 1127295 and 30.
15
Calculate the greatest common factor of 1235484 and 144.
36
What is the highest common factor of 435488 and 899?
31
What is the greatest common divisor of 1562 and 10437?
71
What is the gre